 What is the highest common divisor of k and 3?
1
Let l(o) = -3*o**2 - 10*o - 4. Let b be l(-6). Let v be 286/b*(0 - 2). Let q = -33 + 55. Calculate the highest common factor of v and q.
11
Let c be (-1*6)/(57/(-38)). Let o be (81/c)/((-1)/4). Let w = 15 - o. Calculate the highest common factor of w and 24.
24
Let i(z) = z**2 - 4*z - 7. Let p be i(6). Suppose -p*n + 31 = 4*b, n - 2*n + 8 = b. Calculate the greatest common factor of 99 and b.
9
Let w(s) = 27*s - 18*s + 132 - 16*s. Let j be w(0). Calculate the greatest common factor of j and 12.
12
Let i(v) = v**3 - v**2 + 4 + 23*v - 6*v**2 - 22*v + 3*v**2. Let a be i(4). Calculate the greatest common factor of a and 8.
8
Let r(l) = 90*l**2 - l - 1. Let a = -19 - -21. Let t be r(a). Suppose t = -b + 4*b. Calculate the highest common factor of 17 and b.
17
Suppose 2*v - 8 = -4. Suppose g - 2*g - p = -v, g + 2*p = 0. Suppose -153 = -3*m - 4*w, -g*w = -6*m + m + 287. Calculate the highest common factor of m and 5.
5
Let m = 1060 + -774. What is the highest common factor of m and 66?
22
Suppose 0 = -27*d + 21*d + 540. Calculate the greatest common divisor of d and 30.
30
Let h(k) = -5*k**2 - 3*k. Let i be h(-2). Let g = 23 + i. Suppose 4 - g = -5*y. Calculate the highest common divisor of 1 and y.
1
Suppose -8*o + 4*o = -572. Let v = -17 + o. Suppose -3*y - g = -4*y + 64, -3*g - v = -2*y. What is the highest common divisor of 22 and y?
22
Suppose 0*v + v = 9. Let m be 1/(18/160) - 3/(-27). Calculate the greatest common factor of m and v.
9
Let j(w) = w**2 + 8*w - 49. Let r be j(-16). Let y = r + -67. What is the greatest common divisor of 48 and y?
12
Suppose -7*x = -5*x - 4. Suppose -4*s + 6 = x*k, -2*k + 35 = -3*s + 1. Calculate the greatest common factor of k and 99.
11
Suppose -433*o + 432*o + 162 = 0. What is the highest common factor of 18 and o?
18
Let k(m) = -11*m**2 - 4*m - 2. Let u(t) = 22*t**2 + 7*t + 3. Let b(l) = -7*k(l) - 3*u(l). Let j be b(-4). What is the greatest common factor of 17 and j?
17
Let q(a) be the third derivative of a**6/120 - a**5/12 + a**4/6 - 5*a**3/2 - 4*a**2. Let s be q(6). Calculate the greatest common divisor of s and 9.
9
Let c(t) = 24*t + 2. Let y be c(2). Suppose -266*x + 116*x + 480 = -126*x. Calculate the highest common factor of y and x.
10
Let v be 51/2*6/9. Suppose -42*q + 37*q = n - 63, -2*n + 4*q = -140. Calculate the greatest common factor of n and v.
17
Suppose 16 = 4*z, 5*z - 4*z + 716 = 3*h. Let l = -45 + 75. Calculate the highest common divisor of h and l.
30
Let b(n) = 10*n**3 - 20. Let l be b(3). Calculate the highest common factor of l and 50.
50
Suppose 42 = 5*c + 2*a - 8, 4*c - 2*a - 22 = 0. Let o = 3 + -17. Let s = o + 86. Calculate the greatest common divisor of s and c.
8
Let m = -53 + 82. Let f = 41 - m. Calculate the greatest common divisor of f and 3.
3
Suppose 590*y - 587*y = 1089. What is the highest common divisor of y and 66?
33
Suppose 28*a - 1824 = 27*a. Let j be a/10 - (-2)/35*-7. What is the highest common divisor of 14 and j?
14
Let n(j) be the second derivative of -17*j**3/2 - 2*j. Let y be n(1). Let k be 2 + -2 - (y - -3). What is the highest common factor of 12 and k?
12
Suppose 28*s = 34*s - 2142. What is the highest common factor of 51 and s?
51
Let v(d) = d**3 - 11*d**2 + 11*d - 9. Let x = -10 + 20. Let g be v(x). What is the highest common divisor of 11 and g?
1
Suppose -q + 18 = -4*q. Let u be -10*(-7)/((-35)/q). Suppose 15 = 5*v - 3*x + 5*x, 5*x + u = 4*v. What is the highest common divisor of v and 33?
3
Let x = -94 - -94. Suppose 37*n - 41*n + 128 = x. What is the highest common factor of 48 and n?
16
Let v = -641 + 1641. Calculate the highest common divisor of v and 40.
40
Let b(n) = 24*n + 15. Let g be b(0). Calculate the highest common divisor of 3 and g.
3
Let b be (1 + -3 + 3)*(-5 - -58). Suppose -b = -4*d + 35. What is the highest common factor of d and 11?
11
Let w(c) = -4*c**2 - 2 - 2*c**2 - 3*c + 0*c**2 + 13*c**2. Let f be w(-3). Let v be 26/1 + (2 - 0). What is the greatest common factor of v and f?
14
Let h(n) = n**2 - 13*n + 25. Let s be h(11). Suppose 4*g + 0 = -3*z + 30, -18 = -4*g + s*z. What is the greatest common divisor of 6 and g?
6
Let o be ((-3)/(-2))/((-1)/4). Let j be (o - -11) + 0/(-2). Suppose j*l - 5*x - 75 = -0*x, -3*l = x - 29. Calculate the greatest common divisor of l and 11.
11
Let d = -7 - -10. Suppose d = -5*c + 183. Let w(x) = x**2 + 3. Let q be w(-3). Calculate the greatest common factor of c and q.
12
Let d = 19 - 17. Suppose -57 = -d*f - 5*v, -3*v + 75 = 3*f - 6*v. Suppose 5*o - 9 - f = 0. What is the greatest common factor of o and 21?
7
Let y be (-2)/(-3) - (-352)/48. Let h = 10 + -16. Let v(l) = -4*l - 4. Let x be v(h). Calculate the greatest common divisor of y and x.
4
Suppose -5*b = -2*b - 3300. Let n be (b/6)/10 - (-1)/(-3). Calculate the highest common divisor of n and 48.
6
Let j(z) = z**3 + 6*z**2 - 10*z - 14. Let w be j(-6). What is the greatest common factor of w and 26?
2
Suppose 2*z - 61 = -z + 5*u, 0 = 5*z + 4*u - 40. Let t be (z + -15)*(-1 - 1). Let r = t + -4. Calculate the greatest common divisor of 8 and r.
2
Let r be ((-18)/99 + 370/(-22))*-40. What is the greatest common divisor of 102 and r?
34
Let g = 21 + -15. Let p = 244 + -226. What is the highest common divisor of g and p?
6
Let p(r) = -r**3 + 7*r**2 + 14*r - 20. Let g be p(6). Calculate the highest common divisor of 12 and g.
4
Let f(z) = z**2 - 8*z - 17. Let s be f(10). Suppose 5*p = -2*k + 5, p + p = -k + s. Let u be (-4)/10*(p + -44). What is the highest common divisor of u and 2?
2
Suppose -5*u - 85 = 4*n, -4*u - 4*n + 83 = -7*u. Let b = u + 17. Let h be (1 + -7)*2/b. What is the greatest common divisor of h and 9?
3
Let j = -10 - -13. Let f = j - -6. What is the highest common divisor of f and 27?
9
Let k(o) = 13 - 4*o + 0*o + 13*o - 8*o. Let h be k(1). What is the highest common factor of 63 and h?
7
Let j = 21 + -14. Let y(l) = 3*l - 4*l**3 + 3 - 7*l**3 + 15*l**3 - 7*l**3. Let h be y(-2). Calculate the greatest common divisor of j and h.
7
Let l be 5880/154 + -6 - 4/22. What is the greatest common divisor of l and 1264?
16
Let k(b) = b**3 + 2*b**2 - 19*b - 17. Let v be k(-5). Calculate the highest common divisor of 75 and v.
3
Let u(r) = r + 35. Let j be u(-13). Suppose -n - 6*n + 14 = 0. Calculate the highest common factor of j and n.
2
Suppose -8 = -10*u + 42. Let b be (0 + 2 + 4/u)*10. Calculate the highest common divisor of 21 and b.
7
Let g = -30 - -59. Let h = 55 + g. What is the greatest common divisor of h and 21?
21
Suppose -k + 11 = -b + 4, 5*k + b = 65. Suppose 2*x - 4*n + 10 = 4*x, 3*n + 90 = 5*x. Suppose 3*s = -2*s + x. What is the highest common divisor of s and k?
3
Let k be 1/(-4) - (-468)/16. Let r = 119 + -65. Suppose 120 = 2*f - r. Calculate the greatest common factor of f and k.
29
Suppose 6*s - 5905 = 1895. Calculate the greatest common factor of 200 and s.
100
Let u(k) = -9*k**3 - 3*k**2. Let p be u(-2). Let b be 1852/p + (-2)/(-15). What is the highest common divisor of 155 and b?
31
Suppose 353 = 3*a - 679. Suppose -8*s - 4*i = -4*s - a, 0 = -4*s + 3*i + 372. Calculate the greatest common factor of 120 and s.
30
Suppose -4*i = 3 - 123. Let m(f) be the third derivative of f**5/5 + f**4/24 - f**3/6 - 2*f**2. Let y be m(1). Calculate the highest common factor of y and i.
6
Let q(m) = 66*m**3 - 2*m**2 + 2*m - 8. Let n be q(2). Calculate the greatest common factor of n and 12.
12
Suppose 3*p + 254 = 5*w, 11*p - 132 = -3*w + 6*p. Calculate the greatest common factor of 8 and w.
1
Suppose 5*r + 120 = -3*i + 948, -320 = -2*r - 4*i. Suppose -5*z + r = -237. What is the highest common divisor of z and 108?
27
Suppose 10129 = 28*r + 4081. What is the highest common factor of r and 297?
27
Let v be (131 - -1)/((-11)/(-11)). Suppose 9*k - 1797 = -v. What is the highest common divisor of k and 37?
37
Let v(f) = -f**3 - 2*f**2 - f - 7. Let k be v(-3). Suppose 28*j = 19*j + 45. What is the highest common divisor of k and j?
5
Suppose -348 = -5*b - 103. Suppose 36*r + 13 = 38*r + 5*l, 5*r - 79 = 3*l. Calculate the highest common factor of b and r.
7
Let c = -348 - -841. Calculate the greatest common factor of c and 29.
29
Let m = -1786 + 1789. Let n(v) = v**2 - 5*v + 6. Let h be n(4). C